54. What are the prime factors of d?
2, 7, 19
Suppose -295*v - 381242 + 652325 = -964967. What are the prime factors of v?
2, 5, 419
Suppose 5910 = g + 4*s, -29630 = -g - 4*g - 4*s. List the prime factors of g.
2, 5, 593
Suppose -190*l = -260*l + 2594060. What are the prime factors of l?
2, 7, 2647
Let d be (49/(-14) - -5)/((-2)/(-76)). Suppose 0 = 3*h + 2*x - 5344, 59*h - d*h + 5*x - 3570 = 0. List the prime factors of h.
2, 5, 89
Let j(z) be the second derivative of z**5/20 - 13*z**4/12 + 2*z**3 + 5*z**2 - 41*z. Let o be j(12). List the prime factors of 4/(-10) - -101*4/o.
2, 5
List the prime factors of (1105/442)/(2/3452).
5, 863
Suppose -87 = -2*j + q, -5*j + 72 = 2*q - 141. Suppose b - 125 = j. What are the prime factors of b?
2, 3, 7
Let a = -24 + 24. Let v(h) = -4 + a*h**2 + 10*h**2 + 9 + h + h**2. List the prime factors of v(3).
107
Let z(l) = -l**3 + 26*l**2 - 7*l + 728. List the prime factors of z(-25).
2, 3, 607
Suppose 28*t - 96432 - 86706 = -40170. What are the prime factors of t?
2, 3, 23, 37
Suppose -5*x - 11 = 3*o + 18, -3*x - 3 = 0. Let d be o + 2/(0 - 2). Let a = d - -88. List the prime factors of a.
79
Let l = 9656 + -2852. List the prime factors of l.
2, 3, 7
Suppose 22 = 28*y - 29*y. Let g(w) = w**2 + 20*w - 41. Let j be g(y). Suppose j*r - 143 = -p - r, 2*r = 2*p - 326. List the prime factors of p.
3, 53
Suppose 20*m - 18021 - 2654 = 10465. What are the prime factors of m?
3, 173
Suppose 5*f + 0*f - 3*h - 1411 = 0, -5*f + 2*h = -1409. Suppose -4*k - 3*j + 829 = f, -3*k - 5*j = -400. Let u = k - 49. What are the prime factors of u?
7, 13
Let l = -7 - -9. Let a be 14/35 - 27/5 - -54. Suppose -v = -l*v + a. What are the prime factors of v?
7
Let n be 2/2*(3 - (-6)/2). Let i(h) = -n*h + 5*h**2 + 349 - 183 - 197. List the prime factors of i(-5).
2, 31
Let q(i) = 238*i - 24. Let n be q(6). Suppose -n + 242 = -7*f. Suppose 2*y - 3*m - 76 = 2*m, -4*y = -3*m - f. List the prime factors of y.
43
Let o(z) = -3*z**3 + 29*z**2 - 6*z. List the prime factors of o(-10).
2, 5, 149
List the prime factors of 875806/408*(16 + -4).
25759
Suppose -4*g + 12 - 16 = 0. Let b = g + -4. Let m(o) = -27*o - 17. List the prime factors of m(b).
2, 59
Let q be -2 - -1 - 2 - (7 + -1). What are the prime factors of 1124 - ((-72)/q - 2)?
2, 13, 43
Suppose 6 = 3*b, b + 5443 = 18*d - 13*d. What are the prime factors of d?
3, 11
Suppose 0*x = 3*x - 12. Let w be 0/((5 + 3)/x). Suppose a + 4*y - 96 = -w*y, a = 3*y + 82. What are the prime factors of a?
2, 11
Let o(d) = -16*d**3 + 39*d**2 + 4*d + 18. What are the prime factors of o(-3)?
3, 263
List the prime factors of (19/(-10) - 132/(-330)) + (-543067)/(-14).
79, 491
Suppose -84845 = -4*j - 3*q - 5821, -j - 2*q + 19761 = 0. List the prime factors of j.
19753
Let t(j) = j**2 + 8*j - 6. Let w be 38/4*((-21)/7 + 5). Suppose -10*p - w = -129. List the prime factors of t(p).
7, 29
Suppose 3*x - 4*b - 70084 = 0, 922*x - 927*x + b + 116818 = 0. What are the prime factors of x?
2, 3, 11, 59
Let z(c) be the first derivative of 5*c**3/3 + 51*c**2/2 - 50*c - 260. List the prime factors of z(-15).
2, 5, 31
Let g = 234 + -232. List the prime factors of (g + (-174)/4)/((-15)/30).
83
Suppose 81 + 0 = 4*o + 5*o. List the prime factors of o.
3
Let j = -1984 - -1192. Let y = j + 2157. List the prime factors of (-3)/4 - y/(-12).
113
Let a be (-202)/((-12 + 8)/4). Let j = 97 - 222. Let p = j + a. What are the prime factors of p?
7, 11
List the prime factors of ((-27540)/(-16))/(57/(-624) - 30/(-195)).
2, 3, 5, 17
Suppose 8*j = -2388 + 6388. Let n = j - 161. List the prime factors of n.
3, 113
Let g(y) = -9*y**3 - 3*y**2 - 3*y + 7. Let m(k) = -8*k**3 - 3*k**2 - 5*k + 7. Let q(h) = 3*g(h) - 4*m(h). List the prime factors of q(4).
3, 5
Let m(z) = 1114*z**2 - 17*z + 22. What are the prime factors of m(2)?
2, 11, 101
Let j(x) = 10*x**2 - 8*x + 145. Let v be j(0). Suppose 0 = -t + 4*t + 24. Let i = v - t. List the prime factors of i.
3, 17
Let z be 35/(-25) - (-15628)/20. Suppose -9*b - h = -5*b - 1516, 5*h + z = 2*b. What are the prime factors of b?
2, 5, 19
Let a(m) = 610*m**2 + 852*m + 29. List the prime factors of a(-6).
7, 2411
Let m = 2154 - -5086. List the prime factors of m.
2, 5, 181
Suppose m - 3*z = 31629, -3*m + 3*z + 91328 = -3565. What are the prime factors of m?
2, 3, 659
Suppose -40*a + 94504 + 80016 = 0. What are the prime factors of a?
4363
Let j(b) = 76*b + 9. Let c be j(2). Suppose c + 2384 = 5*n. List the prime factors of n.
509
Let s = -3 + 11. Let y be (-6 - 559)*s/(-20). Suppose 2*v = 5*f - y, 7*f - 5*v = 6*f + 36. What are the prime factors of f?
2, 23
Let s(l) = l + 5. Let k be s(6). Suppose -2*p = -3*w - 3108, 3*w = -p + w + 1568. Suppose -p = -k*u + 3*u. List the prime factors of u.
3, 5, 13
List the prime factors of ((-74)/3)/(((-2)/3504)/((-122)/(-244))).
2, 37, 73
Let m(r) = -r + 3. Let k be m(-1). Let p(l) = -42*l + 4. Let q(t) = t. Let b(c) = k*q(c) + p(c). List the prime factors of b(-3).
2, 59
Suppose -u = -224 + 216. Let w(x) = 80*x - 4. What are the prime factors of w(u)?
2, 3, 53
Let o(h) = -11*h + 64. Let d be o(6). Let t be (-16104)/102 + d/17. Let g = 115 - t. List the prime factors of g.
3, 7, 13
Suppose 105*q - 1407339 - 1046010 = -37404. What are the prime factors of q?
7, 19, 173
Let n = 657 - 1726. Let d = -430 - n. What are the prime factors of d?
3, 71
Let d(p) = -934*p + 1758. What are the prime factors of d(-8)?
2, 5, 13, 71
Suppose -90 = 13*s - 51. Let t(i) = -464*i - 194. List the prime factors of t(s).
2, 599
Let d = -72 - -74. Suppose -d*g + 12*g - 3720 = 0. Suppose 2*p = -p + l + g, -2*l = 3*p - 381. List the prime factors of p.
5
Suppose 25*w - 8*w - 51 = 0. Suppose -45*l = w*l - 38208. What are the prime factors of l?
2, 199
Let c = -114 - -144. Suppose -x - 57 = -c. What are the prime factors of (72/x)/(0 + 2/(-84))?
2, 7
Let k = -82 - -57. Let p = -25 - k. Suppose -4*b + b + 9 = p, -71 = -2*c + b. List the prime factors of c.
37
Let c be ((-68)/85)/((-1)/(-5)). Let k(l) = -4*l**2 - 5*l - 9. Let t(h) = -h. Let w(z) = -k(z) - 2*t(z). List the prime factors of w(c).
3, 5
Let j(i) = i**2 - i - 9. Let p be j(4). Let g(c) = -1 + 4 - 3*c + 7*c**2 + 115*c**p - 6*c**2 - 1. List the prime factors of g(1).
5, 23
Suppose 0 = -22*j - 13*j + j + 234736. List the prime factors of j.
2, 863
Suppose 5*s + 24 + 111 = 0. What are the prime factors of -69*-6*(-12)/s?
2, 23
Suppose 19 = 7*i - 107. Suppose i*l - l = 12461. What are the prime factors of l?
733
Let q(m) = m**3 + 6*m**2 + 24*m + 7. Let j be q(-16). Let d = j - -4163. List the prime factors of d.
2, 613
Let d = -699 - -33962. What are the prime factors of d?
29, 31, 37
Let n(x) = -x**3 - 21*x**2 - 65*x + 34. Let y be n(-18). Let a be ((-2)/2)/((-2)/(-26)). Let m = y - a. What are the prime factors of m?
5, 7
Suppose -4*h + 9 + 2 = -u, 4*u = 5*h. Let g be 3/h*4/1. Suppose -g*w + 399 = 5*x - 0*w, 2*w = -x + 84. List the prime factors of x.
2, 3, 13
Let z = 186 + -206. List the prime factors of 13*5 + z/(-10).
67
Let w = 2603 + -1507. Let u = 207 + w. What are the prime factors of u?
1303
Suppose 105*a - 583380 = -75*a. What are the prime factors of a?
7, 463
Let l(a) = 3*a**3 - 3*a - 3*a**3 + 6*a**3 + 1 + 2*a**2 - a. Let k be l(1). Suppose 0 = -k*r + 3*o + 732, 11 = r - o - 137. List the prime factors of r.
2, 3
Let c(s) = -6*s + 36. Let p be c(5). Suppose -u = -3*q - 1047, -7*u + p*u + 1039 = q. What are the prime factors of u?
3, 347
Suppose 0 = 4*k - 278 + 118. Suppose 33*j + k = 31*j. List the prime factors of (-5)/4 + 2 + (-2065)/j.
2, 13
Suppose -5601 = -2*x + 4399. What are the prime factors of x?
2, 5
Let h be (-7 - (-8 - -1))/(-1). Let k(v) = v**2 + 17*v + 157. What are the prime factors of k(h)?
157
Let o(i) = i**3 + 12*i**2 - 8*i - 26. Let q be o(-12). Let u = q - 17. What are the prime factors of u?
53
Suppose -134*q + 56442333 = 292*q + 167*q. List the prime factors of q.
3, 31727
Let k(y) = 112*y - 4. Let r be (-1 - -2)/(3/(-6)). Let p be k(r). List the prime factors of 9/((-27)/p) + -3.
73
Suppose 101 - 25 = 19*f. Suppose -3*n - 4*q = -1056, n + q - 363 = -f*q. List the prime factors of n.
2, 3, 29
Let p(v) = v**3 + 5*v**2 + 4*v - 2. Let n be p(4). Suppose -158 = 4*z + n. What are the prime factors of (8/2 - z) + -2?
3